57. Determine v(-27).
2
Let b(p) = -p**2 + 14*p - 5. What is b(11)?
28
Let w(t) = 2*t**3 + 11*t**2 - 5*t + 2. What is w(-6)?
-4
Let d(t) = 4*t**3 + 2*t**2 - 4*t - 4. Give d(-2).
-20
Let k(s) = 7*s**3 + 2*s**2 + 6*s + 5. Give k(-1).
-6
Let o(h) = h**3 - 4*h**2 - 3*h + 3. Calculate o(5).
13
Let w(d) = d**3 - 37*d**2 - 38*d + 14. Calculate w(38).
14
Let o(g) = -6*g - 6. Calculate o(-4).
18
Let t(h) = 2*h**2 + h + 8. What is t(0)?
8
Let t(c) = -2*c + 12. Determine t(7).
-2
Let j(i) = -i - 7. Determine j(-5).
-2
Let x(y) = -y**2 - 7*y + 2. Calculate x(-8).
-6
Let a(y) = -y**2 + 19*y - 53. Give a(17).
-19
Let x(n) = n**3 + 19*n**2 - n + 46. What is x(-19)?
65
Let z(m) = m + 11. Calculate z(9).
20
Let x(b) = b**3 + 20*b**2 + 2*b + 25. Give x(-20).
-15
Let g(x) = -x**3 + 15*x**2 - 47*x - 32. Determine g(10).
-2
Let p(o) = -18*o + 22. Give p(4).
-50
Let i(m) = 2*m - 4. What is i(-3)?
-10
Let p(d) = -10*d + 19. Calculate p(9).
-71
Let h(z) = z**3 + 7*z**2 + 7*z + 16. Give h(-6).
10
Let w(c) = 49*c**3 - 3*c + 3. Give w(1).
49
Let v(h) = h**3 + 10*h**2 + 18*h + 13. What is v(-8)?
-3
Let m(x) = 4*x**3 - 3*x**2 + x + 5. Calculate m(-3).
-133
Let y(z) = -40*z - 17. Calculate y(2).
-97
Let m(b) = 39*b**3 + b - 1. Calculate m(1).
39
Let w(j) = 2*j**2 - 3*j + 5. Determine w(2).
7
Let i(q) = -43*q + 1. What is i(1)?
-42
Let o(d) = -d**3 + 8*d**2 - 10*d - 7. Give o(7).
-28
Let s(z) = 3*z + 13. Calculate s(7).
34
Let r(x) = x**3 + x**2 - 3*x + 26. Give r(0).
26
Let l(u) = 2*u**3 + 3*u**2 + 2*u + 1. Calculate l(-1).
0
Let d(h) = h**3 - 6*h**2 + h - 15. What is d(6)?
-9
Let x(n) = 55*n + 158. Determine x(-3).
-7
Let l(a) = a**3 + 10*a**2 + 7*a - 20. Calculate l(-9).
-2
Let d(s) = 4*s**2 - s. Calculate d(5).
95
Let p(i) = 2*i**2 - i - 9. What is p(3)?
6
Let b(l) = l**3 + 8*l**2 + 10*l - 7. Calculate b(-6).
5
Let k(m) = m**3 - 30*m**2 + 27*m + 54. Calculate k(29).
-4
Let h(j) = j**2 + 11*j + 13. What is h(-10)?
3
Let c(s) = -2*s - 12. What is c(-8)?
4
Let f(j) = -j - 10. Give f(-6).
-4
Let q(y) = -y**3 + 22*y**2 + y - 38. What is q(22)?
-16
Let a(o) = -o**3 - 9*o**2 - 9*o + 11. What is a(-8)?
19
Let g(v) = v**3 + 5*v**2 + 3*v + 9. Determine g(-5).
-6
Let g(x) = -x + 10. Determine g(14).
-4
Let g(a) = a**3 + 15*a**2 + a + 11. What is g(-15)?
-4
Let a(u) = u - 10. Determine a(-8).
-18
Let v(t) = t**3 - 4*t**2 + 2*t - 8. What is v(4)?
0
Let k(z) = -z**2 + 71. Determine k(-8).
7
Let r(v) = 2*v**2 - 16*v + 73. Calculate r(9).
91
Let q(t) = t**3 + 3*t**2 - 2*t + 5. Determine q(-4).
-3
Let a(g) = -g**3 + 11*g**2 + 14*g - 36. Calculate a(12).
-12
Let q(t) = -3*t - 2. Determine q(-5).
13
Let v(h) = -2*h + 54. What is v(17)?
20
Let b(w) = w**2 + 5*w - 6. Determine b(-7).
8
Let t(k) = 3*k + 8. Calculate t(15).
53
Let n(l) = l**3 - 3*l**2 - l + 46. Give n(5).
91
Let v(u) = 3*u**2 + 20*u - 13. What is v(-7)?
-6
Let r(c) = 11*c - 83. Calculate r(8).
5
Let k(z) = 7*z - 11. Give k(9).
52
Let d(o) = o**3 - 17*o**2 - 60*o - 4. What is d(20)?
-4
Let c(d) = -3*d + 62. Determine c(23).
-7
Let x(m) = -9*m - 18. What is x(-10)?
72
Let m(i) = 10*i + 25. Calculate m(-3).
-5
Let w(h) = 28*h + 261. What is w(-9)?
9
Let i(j) = -5*j + 14. What is i(17)?
-71
Let o(a) = -a - 11. Determine o(12).
-23
Let x(m) = -m**3 + 20*m**2 + 3*m - 60. Calculate x(20).
0
Let f(v) = v**2 + 29*v + 128. What is f(-23)?
-10
Let c(m) = -m**2 + 6*m - 1. What is c(7)?
-8
Let z(h) = -h + 2. Give z(3).
-1
Let a(d) = d + 7. What is a(-9)?
-2
Let m(b) = b - 17. Determine m(11).
-6
Let u(c) = 12*c - 7. Determine u(5).
53
Let q(t) = t**3 - 4*t**2 + 5*t - 8. Calculate q(2).
-6
Let t(p) = 3*p - 29. Give t(7).
-8
Let i(t) = 13*t**2 + 12*t - 3. Determine i(-2).
25
Let u(o) = -4*o**3 + 3*o**2 + 2*o - 2. Determine u(-2).
38
Let d(j) = -52*j**3 - 5*j**2 - 3*j - 1. Give d(-1).
49
Let j(b) = 7*b - 1. Calculate j(1).
6
Let z(b) = 12*b - 520. Determine z(43).
-4
Let y(j) = j**3 - 6*j**2 - 10*j + 21. Calculate y(6).
-39
Let k(h) = -h - 11. Give k(0).
-11
Let w(h) = -3*h**2 + 9*h - 20. Give w(2).
-14
Let h(r) = -156*r**3 - 3*r**2 + 2*r - 1. Calculate h(1).
-158
Let y(l) = -l**2 - 6*l + 4. Determine y(-6).
4
Let p(q) = -q**3 - 6*q**2 - 2*q - 3. Determine p(-5).
-18
Let n(z) = -z**3 + 24*z**2 + 22*z + 71. Calculate n(25).
-4
Let g(x) = x**3 + 7*x**2 + 4*x + 7. Give g(-5).
37
Let l(o) = 8*o**2 + 6*o + 6. Calculate l(-1).
8
Let x(l) = l**3 + 15*l**2 + 15*l - 9. Give x(-14).
-23
Let v(a) = a**3 + 4*a**2 - 10*a - 8. Give v(-6).
-20
Let t(a) = a**3 + 5*a**2 - 7*a + 4. Calculate t(-7).
-45
Let h(o) = 4*o**2 - 244*o. Calculate h(61).
0
Let p(s) = -s**3 - 6*s**2 + s + 5. What is p(-4)?
-31
Let x(v) = -5*v - 2. Determine x(-10).
48
Let d(c) = -3*c**2 + c + 200. What is d(8)?
16
Let a(x) = -x**3 - 25*x**2 - 138*x - 45. What is a(-17)?
-11
Let n(s) = s + 14. Calculate n(-5).
9
Let t(b) = b**2 + 18*b - 35. What is t(-19)?
-16
Let b(v) = -37*v**2 - 2*v - 3. What is b(-2)?
-147
Let q(f) = f**3 + 14*f**2 - 2*f - 19. Give q(-14).
9
Let m(c) = c**3 - 4*c**2 - 2*c + 4. Give m(4).
-4
Let x(p) = p**2 + 7*p - 9. What is x(-8)?
-1
Let s(p) = -10*p + 119. Determine s(12).
-1
Let v(w) = -w**2 + w + 20. Give v(-6).
-22
Let y(z) = z**3 + 9*z**2 - 10*z - 4. What is y(-10)?
-4
Let v(r) = -37*r - 16. Calculate v(-1).
21
Let f(y) = 2*y**3 - 4*y**2 + 3*y + 4. Give f(3).
31
Let b(o) = o**2 + 10*o - 4. Give b(-8).
-20
Let s(z) = -6*z + 1. Calculate s(6).
-35
Let z(a) = -26*a**3 - a**2 + 5*a - 4. Calculate z(1).
-26
Let u(h) = -h**2 - 17*h - 7. Calculate u(-7).
63
Let i(m) = m**3 + 14*m**2 + 49*m - 5. Give i(-7).
-5
Let z(r) = r**2 + 5*r + 13. What is z(-6)?
19
Let v(b) = 3*b**2 + 8*b - 1. What is v(1)?
10
Let r(o) = -o**3 - 10*o**2 - 8*o + 2. Determine r(-9).
-7
Let b(q) = q - 18. Determine b(10).
-8
Let c(y) = -y**3 - 2*y**2 - 5*y - 6. Determine c(-3).
18
Let w(g) = g**3 - 6*g**2 - 4. Calculate w(6).
-4
Let a(r) = 2*r**2 - 73*r + 40. Give a(36).
4
Let b(k) = 3*k**3 - 2*k**2 - 4*k + 12. What is b(2)?
20
Let u(g) = -g**2 + 6*g + 26. What is u(12)?
-46
Let p(a) = a - 11. What is p(7)?
-4
Let j(b) = -b**3 - 3*b**2 + 4*b + 2. What is j(-5)?
32
Let n(r) = -r**3 - 5*r + 11. Calculate n(2).
-7
Let u(x) = 6*x - 9. Calculate u(3).
9
Let i(a) = a**2 + 3*a - 1. Give i(-4).
3
Let f(d) = -2*d**2 + d - 2. Give f(-3).
-23
Let j(g) = g**3 - 22*g**2 + 24*g - 26. Calculate j(21).
37
Let v(z) = -z**3 - 7*z**2 + 11*z + 18. What is v(-8)?
-6
Let y(j) = -j**2 + j - 3. Calculate y(-3).
-15
Let a(g) = 3*g - 11. Determine a(4).
1
Let t(f) = 16*f - 263. Calculate t(16).
-7
Let h(n) = -n**2 + 9*n + 9. Determine h(10).
-1
Let a(j) = -j**2 + 5*j - 9. Calculate a(4).
-5
Let s(d) = -d**2 - 2*d + 3. Calculate s(5).
-32
Let g(j) = j**3 - 24*j**2 - 3*j + 35. Determine g(24).
-37
Let y(a) = a**3 - 30*a**2 + 55*a. What is y(28)?
-28
Let a(n) = n**2 - 10*n + 3. What is a(9)?
-6
Let p(o) = o**2 - 11*o + 13. Determine p(9).
-5
Let g(x) = x**2 + 10*x + 23. What is g(-8)?
7
Let i(m) = -9*m + 102. Determine i(14).
-24
Let o(b) = b**3 + 2*b**2 + 5*b + 40. Calculate o(-4).
-12
Let u(x) = x**3 + 8*x**2 + 9*x - 14. Calculate u(-8).
-86
Let g(v) = -v**3 - 11*v**2 - 2*v - 10. Give g(-11).
12
Let p(x) = x**3 + 32*x**2 - 32*x + 50. Give p(-33).
17
Let q(w) = -2*w**3 + 22*w**2 - 45*w - 19. What is q(8)?
5
Let a(i) = 9*i**2 + i - 1. Give a(-2).
33
Let t(i) = 67*i + 2. What is t(1)?
69
Let g(y) = y**3 - 6*y**2 + y + 6. Determine g(5).
-14
Let p(d) = d**3 + 8*d**2 - 3*d + 2. Calculate p(-8).
26
Let z(h) = -25*h - 3. Determine z(-1).
22
Let j(l) = -l**2 + 8*l - 10. What is j(5)?
5
Let s(a) = a**3 - 2*a**2 - 19*a. Give s(-4).
-20
Let w(j) = j**2 - 5*j - 33. Calculate w(8).
-9
Let u(q) = -q**2 - 12. Calculate u(5).
-37
Let w(k) = -k + 29. Determine w(24).
5
Let t(o) = -o**3 + 4*o**2 - 5*o + 4. Calculate t(4).
-16
Let i(o) = 2*o**3 - o**2 + o + 2. Give i(3).
50
Let b(a) = 98*a**3 - 3*a**2 + a + 3. What is b(-1)?
-99
Let i(t) = 6*t + 110. Calculate i(-13).
32
Let o(c) = c**2 + c + 12. Give o(-3).
18
Let m(k) = 3*k + 4. What is m(4)?
16
Let z(n) = -3*n**3 + 55*n**2 - 19*n + 13. Give z(18).
-5
Let z(y) = -2*y + 46. Calculate z(19).
8
Let t(a) = a**3 - 4*a**2 + 5*a - 3. Give t(2).
-1
Let v(y) = 14*y + 132. What is v(-10)?
-8
Let v(i) = -7*i + 1. Calculate v(1).
-6
Let m(d) = 3*d + 15. What is m(-8)?
-9
Let g(u) = u**3 - 3*u**2 -